common factor of 23 and 1633.
23
What is the greatest common factor of 39 and 33?
3
What is the greatest common divisor of 3 and 81?
3
Calculate the highest common factor of 217 and 1147.
31
Calculate the greatest common factor of 693 and 297.
99
Calculate the greatest common divisor of 5715 and 3.
3
What is the greatest common divisor of 756 and 28?
28
Calculate the greatest common factor of 59378 and 22.
22
Calculate the greatest common divisor of 567 and 243.
81
Calculate the highest common divisor of 731 and 119.
17
Calculate the highest common factor of 126 and 315.
63
Calculate the greatest common divisor of 42 and 1057.
7
Calculate the greatest common factor of 1443 and 111.
111
What is the highest common divisor of 69 and 9?
3
Calculate the greatest common factor of 420 and 868.
28
What is the greatest common factor of 1310 and 10?
10
What is the greatest common factor of 968 and 363?
121
What is the highest common divisor of 92 and 299?
23
Calculate the highest common factor of 15582 and 636.
318
What is the greatest common factor of 897 and 207?
69
What is the highest common factor of 122 and 5?
1
Calculate the highest common factor of 120 and 280.
40
What is the highest common factor of 178 and 54646?
178
What is the greatest common divisor of 1287 and 117?
117
What is the highest common divisor of 2390 and 10?
10
What is the highest common divisor of 1170 and 819?
117
Calculate the greatest common factor of 57 and 13224.
57
Calculate the highest common factor of 297 and 44.
11
What is the greatest common factor of 34 and 136?
34
Calculate the greatest common divisor of 7 and 11179.
7
What is the greatest common factor of 3549 and 14?
7
Calculate the greatest common divisor of 225 and 72.
9
What is the highest common divisor of 1271 and 41?
41
Calculate the greatest common divisor of 338 and 182.
26
Calculate the greatest common factor of 13 and 39.
13
Calculate the greatest common factor of 164 and 2009.
41
What is the highest common factor of 893 and 94?
47
Calculate the greatest common factor of 160 and 66240.
160
Calculate the greatest common factor of 1332 and 814.
74
What is the highest common factor of 3312 and 240?
48
What is the greatest common divisor of 140 and 35?
35
Calculate the greatest common factor of 168 and 462.
42
Calculate the greatest common divisor of 6 and 30.
6
Calculate the highest common divisor of 2255 and 22.
11
Calculate the greatest common divisor of 255 and 470.
5
Calculate the greatest common divisor of 2272 and 256.
32
Calculate the greatest common divisor of 184 and 256.
8
Calculate the greatest common divisor of 132 and 15.
3
What is the highest common divisor of 384 and 2400?
96
What is the highest common factor of 70 and 1435?
35
What is the highest common divisor of 987 and 21?
21
Calculate the highest common divisor of 15356 and 8.
4
Calculate the highest common divisor of 25 and 350.
25
What is the greatest common factor of 787 and 13?
1
What is the greatest common factor of 12 and 24?
12
Calculate the highest common divisor of 180 and 4950.
90
What is the greatest common divisor of 40 and 424?
8
What is the greatest common divisor of 44 and 4?
4
Calculate the greatest common divisor of 1634 and 172.
86
What is the highest common factor of 22 and 3080?
22
What is the highest common factor of 5 and 47?
1
Calculate the highest common divisor of 6684 and 12.
12
Calculate the greatest common divisor of 144 and 64.
16
What is the highest common divisor of 189 and 560?
7
Calculate the greatest common factor of 1843 and 19.
19
What is the greatest common divisor of 75 and 135?
15
What is the highest common factor of 42992 and 16?
16
Calculate the greatest common factor of 145 and 435.
145
Calculate the greatest common divisor of 55574 and 74.
74
What is the highest common factor of 270 and 555?
15
What is the greatest common divisor of 195 and 1095?
15
Calculate the greatest common factor of 136 and 32504.
136
Calculate the greatest common divisor of 91 and 4823.
91
What is the greatest common divisor of 15170 and 30?
10
Calculate the highest common factor of 252 and 36.
36
What is the greatest common divisor of 595 and 35?
35
Calculate the highest common factor of 161 and 7.
7
What is the highest common divisor of 46 and 1725?
23
What is the greatest common divisor of 166 and 249?
83
Calculate the highest common divisor of 1152 and 6.
6
What is the highest common factor of 1849 and 301?
43
What is the greatest common divisor of 15 and 495?
15
What is the highest common divisor of 16 and 16?
16
Calculate the highest common factor of 96 and 128.
32
What is the greatest common divisor of 200 and 8?
8
Calculate the highest common factor of 240 and 570.
30
What is the greatest common divisor of 2625 and 105?
105
Calculate the highest common factor of 13 and 1703.
13
Calculate the highest common factor of 6630 and 104.
26
What is the highest common factor of 39917 and 446?
223
Calculate the greatest common factor of 208 and 156.
52
Calculate the highest common divisor of 8 and 20.
4
What is the greatest common factor of 208 and 598?
26
What is the greatest common divisor of 165 and 60?
15
Calculate the greatest common divisor of 20364 and 12.
12
What is the greatest common factor of 119 and 2737?
119
What is the greatest common divisor of 80 and 10?
10
What is the greatest common divisor of 802 and 2?
2
What is the highest common divisor of 1001 and 455?
91
Calculate the greatest common divisor of 45 and 387.
9
What is the greatest common divisor of 71 and 2201?
71
What is the highest common factor of 150 and 90?
30
What is the highest common divisor of 80 and 680?
40
What is the greatest common divisor of 742 and 70?
14
Calculate the greatest common factor of 45 and 4419.
9
What is the highest common factor of 352 and 132?
44
What is the greatest common divisor of 688 and 86?
86
Calculate the highest common factor of 249 and 166.
83
Calculate the highest common divisor of 126 and 198.
18
Calculate the highest common factor of 697 and 17.
17
Calculate the greatest common factor of 279 and 217.
31
What is the highest common factor of 885 and 30?
15
Calculate the highest common factor of 255 and 10047.
51
Calculate the highest common factor of 48 and 624.
48
Calculate the greatest common divisor of 4 and 17.
1
What is the highest common factor of 1568 and 32?
32
Calculate the greatest common divisor of 2737 and 14.
7
What is the greatest common divisor of 237 and 15?
3
Calculate the greatest common divisor of 30752 and 64.
32
What is the highest common divisor of 84 and 357?
21
What is the greatest common factor of 32614 and 46?
46
What is the highest common divisor of 165 and 30?
15
Calculate the highest common divisor of 10 and 64.
2
What is the greatest common divisor of 376 and 328?
8
Calculate the highest common factor of 4 and 10.
2
What is the highest common factor of 413 and 7?
7
Calculate the highest common divisor of 284 and 497.
71
Calculate the highest common factor of 308 and 3256.
44
Calculate the greatest common divisor of 27 and 18.
9
What is the highest common factor of 32 and 55?
1
Calculate the highest common divisor of 60 and 10095.
15
What is the highest common divisor of 101 and 101?
101
What is the highest common divisor of 3956 and 43?
43
Calculate the highest common divisor of 81 and 18.
9
Calculate the highest common divisor of 78498 and 147.
147
What is the greatest common factor of 46 and 207?
23
What is the highest common factor of 88 and 33?
11
What is the highest common divisor of 135 and 95?
5
What is the highest common divisor of 24 and 21828?
12
What is the greatest common factor of 1219 and 23?
23
Calculate the greatest common factor of 65 and 2.
1
Calculate the highest common factor of 104 and 20.
4
Calculate the greatest common factor of 2 and 18206.
2
Calculate the highest common divisor of 25 and 3775.
25
Calculate the greatest common factor of 4503 and 19.
19
Calculate the greatest common divisor of 58 and 2.
2
What is the highest common divisor of 12 and 114?
6
What is the highest common factor of 356 and 623?
89
Calculate the greatest common divisor of 198 and 44.
22
What is the highest common divisor of 730 and 820?
10
Calculate the highest common divisor of 